 897?
14
Calculate the remainder when 753 is divided by 440.
313
Calculate the remainder when 432431 is divided by 133.
48
What is the remainder when 2075 is divided by 45?
5
What is the remainder when 9643 is divided by 6?
1
What is the remainder when 9694 is divided by 77?
69
Calculate the remainder when 3293 is divided by 18.
17
What is the remainder when 77649 is divided by 68?
61
Calculate the remainder when 602 is divided by 287.
28
Calculate the remainder when 2251 is divided by 47.
42
What is the remainder when 4404662 is divided by 34?
30
What is the remainder when 754371 is divided by 17?
13
What is the remainder when 2727 is divided by 672?
39
Calculate the remainder when 2440 is divided by 119.
60
What is the remainder when 389627 is divided by 109?
61
What is the remainder when 853 is divided by 137?
31
What is the remainder when 13337 is divided by 1805?
702
What is the remainder when 2073 is divided by 559?
396
What is the remainder when 22142 is divided by 346?
344
What is the remainder when 461 is divided by 33?
32
Calculate the remainder when 10243 is divided by 28.
23
What is the remainder when 94808 is divided by 43?
36
Calculate the remainder when 73276 is divided by 32.
28
What is the remainder when 51462 is divided by 25727?
8
What is the remainder when 66676 is divided by 30?
16
Calculate the remainder when 5674444 is divided by 437.
436
What is the remainder when 12445 is divided by 12409?
36
What is the remainder when 1321115 is divided by 1795?
1790
Calculate the remainder when 58562 is divided by 1394.
14
What is the remainder when 11691 is divided by 557?
551
Calculate the remainder when 30889 is divided by 1820.
1769
What is the remainder when 7585 is divided by 5?
0
What is the remainder when 8060 is divided by 98?
24
What is the remainder when 3229182 is divided by 15?
12
What is the remainder when 7338 is divided by 749?
597
Calculate the remainder when 26 is divided by 20.
6
What is the remainder when 1686987 is divided by 16?
11
What is the remainder when 39643 is divided by 53?
52
What is the remainder when 2132 is divided by 111?
23
Calculate the remainder when 6015 is divided by 47.
46
Calculate the remainder when 73190 is divided by 292.
190
Calculate the remainder when 23345 is divided by 13.
10
What is the remainder when 6053 is divided by 1675?
1028
What is the remainder when 9069 is divided by 23?
7
Calculate the remainder when 43545 is divided by 21767.
11
What is the remainder when 9214575 is divided by 112?
111
Calculate the remainder when 375 is divided by 23.
7
What is the remainder when 180500 is divided by 3471?
8
Calculate the remainder when 9703 is divided by 58.
17
Calculate the remainder when 2809 is divided by 68.
21
What is the remainder when 11363 is divided by 11307?
56
Calculate the remainder when 1323 is divided by 1303.
20
What is the remainder when 44492 is divided by 22237?
18
What is the remainder when 18818 is divided by 251?
244
What is the remainder when 503 is divided by 136?
95
Calculate the remainder when 107928 is divided by 78.
54
Calculate the remainder when 9582 is divided by 2330.
262
Calculate the remainder when 5117 is divided by 37.
11
Calculate the remainder when 132128 is divided by 166.
158
What is the remainder when 314575 is divided by 181?
178
Calculate the remainder when 137009 is divided by 137007.
2
Calculate the remainder when 273133 is divided by 10.
3
What is the remainder when 93759 is divided by 31249?
12
Calculate the remainder when 98742 is divided by 546.
462
What is the remainder when 73543 is divided by 91?
15
What is the remainder when 81289 is divided by 16248?
49
What is the remainder when 16936 is divided by 1549?
1446
Calculate the remainder when 6344 is divided by 3094.
156
Calculate the remainder when 1155532 is divided by 687.
685
What is the remainder when 1752 is divided by 330?
102
What is the remainder when 1612 is divided by 147?
142
What is the remainder when 39188 is divided by 54?
38
What is the remainder when 9546 is divided by 167?
27
Calculate the remainder when 3593 is divided by 909.
866
Calculate the remainder when 37835 is divided by 770.
105
What is the remainder when 86438 is divided by 146?
6
What is the remainder when 711 is divided by 167?
43
What is the remainder when 10699 is divided by 5322?
55
What is the remainder when 5054 is divided by 128?
62
What is the remainder when 139312 is divided by 42?
40
Calculate the remainder when 227216 is divided by 75734.
14
Calculate the remainder when 2589 is divided by 159.
45
What is the remainder when 4329 is divided by 2164?
1
What is the remainder when 12883 is divided by 1407?
220
Calculate the remainder when 42358 is divided by 785.
753
Calculate the remainder when 20127 is divided by 37.
36
Calculate the remainder when 2208 is divided by 716.
60
What is the remainder when 274734 is divided by 23?
22
What is the remainder when 13759 is divided by 624?
31
What is the remainder when 2367 is divided by 2335?
32
Calculate the remainder when 24023 is divided by 1008.
839
Calculate the remainder when 820 is divided by 265.
25
What is the remainder when 7727 is divided by 50?
27
Calculate the remainder when 11358 is divided by 947.
941
Calculate the remainder when 542192 is divided by 24.
8
What is the remainder when 289913 is divided by 47?
17
Calculate the remainder when 14779545 is divided by 28.
25
What is the remainder when 8476 is divided by 21?
13
What is the remainder when 12507625 is divided by 201?
199
Calculate the remainder when 43010 is divided by 21309.
392
What is the remainder when 1003 is divided by 104?
67
Calculate the remainder when 174 is divided by 30.
24
What is the remainder when 251050 is divided by 480?
10
Calculate the remainder when 7903 is divided by 1884.
367
What is the remainder when 217159 is divided by 257?
251
Calculate the remainder when 83599 is divided by 25.
24
Calculate the remainder when 528 is divided by 182.
164
Calculate the remainder when 9124 is divided by 7858.
1266
What is the remainder when 5926 is divided by 547?
456
What is the remainder when 1805 is divided by 20?
5
What is the remainder when 12746 is divided by 2540?
46
What is the remainder when 5623 is divided by 506?
57
Calculate the remainder when 5138559 is divided by 518.
517
What is the remainder when 245833 is divided by 723?
13
Calculate the remainder when 93275 is divided by 110.
105
Calculate the remainder when 41670 is divided by 20830.
10
What is the remainder when 24687 is divided by 140?
47
Calculate the remainder when 5247 is divided by 280.
207
What is the remainder when 3419 is divided by 1104?
107
Calculate the remainder when 6906 is divided by 349.
275
Calculate the remainder when 1070 is divided by 20.
10
Calculate the remainder when 962 is divided by 284.
110
What is the remainder when 463 is divided by 20?
3
What is the remainder when 5545 is divided by 3870?
1675
Calculate the remainder when 118987 is divided by 157.
138
What is the remainder when 756274 is divided by 25?
24
Calculate the remainder when 12398 is divided by 4116.
50
What is the remainder when 8256 is divided by 266?
10
Calculate the remainder when 1087 is divided by 1031.
56
Calculate the remainder when 90770 is divided by 91.
43
Calculate the remainder when 593162 is divided by 52.
50
What is the remainder when 1517 is divided by 751?
15
Calculate the remainder when 1104 is divided by 36.
24
What is the remainder when 6790 is divided by 93?
1
What is the remainder when 54958 is divided by 15?
13
What is the remainder when 66484 is divided by 400?
84
Calculate the remainder when 26311 is divided by 394.
307
What is the remainder when 18910492 is divided by 522?
520
What is the remainder when 8385 is divided by 1114?
587
What is the remainder when 73629 is divided by 32?
29
Calculate the remainder when 19877 is divided by 10.
7
What is the remainder when 7654 is divided by 99?
31
What is the remainder when 112947 is divided by 46?
17
What is the remainder when 4068 is divided by 996?
84
What is the remainder when 8582 is divided by 1709?
37
What is the remainder when 61312 is divided by 117?
4
Calculate the remainder when 7688 is divided by 108.
20
Calculate the remainder when 69325 is